10978290 a multiple of 1094?
True
Is 34 a factor of 29886?
True
Is 40 a factor of 130578?
False
Does 1454 divide 1196642?
True
Is 102891 a multiple of 2?
False
Is 1187956 a multiple of 28?
True
Does 330 divide 581790?
True
Is 100 a factor of 56500?
True
Is 90 a factor of 204840?
True
Is 382 a factor of 1683188?
False
Is 63 a factor of 36380?
False
Is 206074 a multiple of 18?
False
Is 18083740 a multiple of 7?
False
Does 10 divide 307160?
True
Does 61 divide 1227137?
True
Is 50330 a multiple of 5?
True
Is 8 a factor of 348514?
False
Is 293 a factor of 620574?
True
Is 395265 a multiple of 65?
True
Is 40 a factor of 1157934?
False
Does 53 divide 157626?
False
Is 10 a factor of 154015?
False
Is 23554836 a multiple of 18?
True
Does 102 divide 470750?
False
Is 48 a factor of 6353889?
False
Does 3 divide 328858?
False
Does 34 divide 389776?
True
Is 21312 a multiple of 8?
True
Is 70959 a multiple of 327?
True
Does 15 divide 482589?
False
Is 26 a factor of 101270?
True
Is 1483620 a multiple of 474?
True
Is 738 a factor of 4236858?
True
Does 22 divide 67174?
False
Does 38 divide 5388574?
False
Is 96 a factor of 214360?
False
Is 72864 a multiple of 396?
True
Is 36279 a multiple of 87?
True
Does 171 divide 28757758?
False
Does 6 divide 461472?
True
Is 617578 a multiple of 23?
False
Is 88 a factor of 45930?
False
Is 232 a factor of 118977?
False
Is 331568 a multiple of 32?
False
Is 971595 a multiple of 15?
True
Is 181521 a multiple of 9?
True
Does 39 divide 27250?
False
Does 708 divide 11417987?
False
Does 50 divide 5861000?
True
Does 299 divide 1279515?
False
Does 864 divide 302678?
False
Is 7892 a multiple of 7?
False
Is 86946 a multiple of 4?
False
Does 15 divide 75981?
False
Is 4653624 a multiple of 709?
False
Does 40 divide 1794241?
False
Is 25 a factor of 1462400?
True
Does 65 divide 219440?
True
Is 63638 a multiple of 3?
False
Is 28954 a multiple of 12?
False
Is 2032436 a multiple of 203?
True
Does 84 divide 52888?
False
Does 25 divide 747925?
True
Is 123 a factor of 11229162?
True
Is 378268 a multiple of 44?
True
Does 11 divide 137488?
False
Is 14 a factor of 1037064?
True
Does 7 divide 4013569?
True
Does 36 divide 3568932?
True
Is 27482428 a multiple of 17?
False
Is 1285 a factor of 202295?
False
Is 620 a factor of 419204?
False
Is 1278 a factor of 4607190?
True
Does 143 divide 57033?
False
Does 42 divide 6498329?
False
Is 175 a factor of 3927170?
False
Is 292 a factor of 204871?
False
Is 4 a factor of 914505?
False
Does 878 divide 20174684?
True
Is 158078 a multiple of 6?
False
Does 7 divide 10157?
True
Is 223830 a multiple of 95?
False
Is 402375 a multiple of 1057?
False
Is 14 a factor of 127127?
False
Is 13 a factor of 3629347?
False
Is 12991 a multiple of 11?
True
Is 673718 a multiple of 133?
False
Is 13995 a multiple of 113?
False
Does 3 divide 913584?
True
Does 8 divide 705208?
True
Is 9290934 a multiple of 49?
False
Is 1102143 a multiple of 217?
True
Is 36 a factor of 6431544?
True
Is 988891 a multiple of 101?
True
Is 311 a factor of 581022?
False
Is 18998 a multiple of 7?
True
Is 235 a factor of 6259958?
False
Does 7 divide 7396550?
True
Does 222 divide 14858?
False
Is 43248 a multiple of 318?
True
Is 42 a factor of 45241?
False
Does 117 divide 149640?
False
Is 68138 a multiple of 217?
True
Is 15069888 a multiple of 1292?
True
Is 79200 a multiple of 11?
True
Does 135 divide 21656?
False
Does 172 divide 62780?
True
Is 5010867 a multiple of 14?
False
Is 27 a factor of 90068?
False
Is 778 a factor of 1652472?
True
Does 404 divide 557969?
False
Is 17 a factor of 3487414?
True
Is 1934708 a multiple of 164?
True
Is 309400 a multiple of 70?
True
Is 12 a factor of 12452369?
False
Does 114 divide 2791404?
True
Is 58 a factor of 8171?
False
Is 203866 a multiple of 33?
False
Is 931066 a multiple of 151?
True
Is 193 a factor of 4247876?
False
Is 773720 a multiple of 60?
False
Does 21 divide 151662?
True
Does 19 divide 2107955?
True
Does 40 divide 84880?
True
Is 508 a factor of 350012?
True
Is 196 a factor of 1519779?
False
Is 3926760 a multiple of 430?
True
Is 33 a factor of 23235398?
False
Is 321394 a multiple of 158?
False
Does 83 divide 2862421?
True
Does 2 divide 10865?
False
Is 27777 a multiple of 47?
True
Does 38 divide 677958?
True
Is 23 a factor of 64699?
True
Is 9 a factor of 12285?
True
Is 245311 a multiple of 15?
False
Is 2 a factor of 20120?
True
Is 3711990 a multiple of 71?
False
Is 10 a factor of 2968068?
False
Is 32 a factor of 10561265?
False
Does 61 divide 12479?
False
Is 700 a factor of 4044600?
True
Does 103 divide 5328602?
True
Is 177060 a multiple of 10?
True
Is 310 a factor of 1704687?
False
Does 462 divide 409332?
True
Is 268107 a multiple of 145?
False
Is 8895300 a multiple of 149?
True
Is 3405939 a multiple of 31?
True
Is 1293508 a multiple of 26?
False
Is 350700 a multiple of 175?
True
Is 150 a factor of 135450?
True
Does 7 divide 346623?
False
Is 1118962 a multiple of 926?
False
Is 120 a factor of 1568250?
False
Does 6 divide 26298?
True
Is 1359799 a multiple of 15?
False
Is 209 a factor of 5422714?
True
Is 37586 even?
True
Does 146 divide 202502?
True
Is 678359 a multiple of 8?
False
Does 36 divide 9477108?
True
Is 56 a factor of 2346008?
True
Is 1812543 a multiple of 24?
False
Is 26120 a multiple of 8?
True
Is 88776 a multiple of 411?
True
Does 17 divide 674052?
False
Does 75 divide 12574800?
True
Is 6 a factor of 514320?
True
Is 1004032 a multiple of 27?
False
Is 71198 a multiple of 97?
True
Is 191869 a multiple of 109?
False
Is 4 a factor of 72349?
False
Is 608 a factor of 1005383?
False
Is 162 a factor of 584820?
True
Does 144 divide 1255248?
True
Is 465819 a multiple of 129?
True
Does 50 divide 3117002?
False
Is 782208 a multiple of 72?
True
Is 17 a factor of 554625?
True
Is 26 a factor of 52871?
False
Is 168 a factor of 1530?
False
Does 7 divide 40333?
False
Is 2594106 a multiple of 162?
True
Is 5 a factor of 107714?
False
Does 33 divide 80531?
False
Is 56 a factor of 453822?
False
Is 755088 a multiple of 6?
True
Does 89 divide 2162166?
True
Does 510 divide 259125?
False
Does 26 divide 28418?
True
Is 14994 a multiple of 102?
True
Is 204 a factor of 208036?
False
Is 25 a factor of 189725?
True
Does 40 divide 503784?
False
Is 6160 a multiple of 3?
False
Is 17816 a multiple of 131?
True
Is 1104579 a multiple of 197?
True
Is 13 a factor of 404304?
False
Does 19 divide 1280467?
True
Is 2687864 a multiple of 358?
True
Does 22 divide 378625?
False
Does 161 divide 9202?
False
Is 90432 a multiple of 157?
True
Is 340039 a multiple of 7?
True
Is 1748439 a multiple of 783?
True
Does 482 divide 3738485?
False
Does 44 divide 39160?
True
Is 6 a factor of 85711?
False
Is 385853 a multiple of 13?
True
Is 99646 a multiple of 11?
False
Is 17 a factor of 336617?
True
Is 46 a factor of 85836?
True
Is 14562 a multiple of 18?
True
Is 129064 a multiple of 104?
True
Is 63 a factor of 2762613?
True
Is 18 a factor of 5427979?
False
Is 971209 a multiple of 279?
False
Is 162 a factor of 114858?
True
Is 1768598 a multiple of 5?
False
Is 107791 a multiple of 11?
False
Is 10 a factor of 1046656?
False
Does 19 divide 1184574?
True
Does 13 divide 328110?
False
Is 738926 a multiple of 7?
False
Is 322 a factor of 1843553?
False
Is 93335 a multiple of 61?
False
Is 1002765 a multiple of 211?
False
Is 554795 a multiple of 85?
True
Is 5 a factor of 82846?
False
Is 1024239 a multiple of 32?
False
Is 179088 a multiple of 13?
True
Is 130924 a multiple of 71?
True
Is 162 a factor of 1539823?
False
Does 11 divide 447733?
True
Is 7181840 a multiple of 1070?
True
Is 4090716 a multiple of 378?
True
Is 10432019 a multiple of 12?
False
Is 2037485 a multiple of 141?
False
Is 70 a factor of 29822?
False
Is 48 a factor of 487039?
False
Is 154 a factor of 3301421?
False
Is 850809 a multiple of 33?
False
Is 58 a factor of 2895766?
True
Is 597861 a multiple of 121?
True
Is 288 a factor of 103968?
True
Does 166 divide 7955644?
False
Is 8 a factor of 659792?
True
Is 174806 a multiple of 10?
False
Is 66 a factor of 1402236?
True
Is 8 a factor of 1232?
True
Does 10 divide 1267672?
False
Does 5 divide 1738528?
False
Is 25974 a multiple of 9?
True
Is 290 a factor of 1958370?
True
Is 9024752 a multiple of 176?
True
Does 80 divide 72106?
False
Does 90 divide 28542383?
False
I